{"id":147,"date":"2022-08-24T22:06:17","date_gmt":"2022-08-24T22:06:17","guid":{"rendered":"https:\/\/colegio-betania.edu.mx\/?page_id=147"},"modified":"2022-09-08T21:03:21","modified_gmt":"2022-09-08T21:03:21","slug":"mision","status":"publish","type":"page","link":"https:\/\/colegio-betania.edu.mx\/index.php\/mision\/","title":{"rendered":"Misi\u00f3n, Visi\u00f3n y Valores"},"content":{"rendered":"\n<h2>Misi\u00f3n<\/h2>\n\n\n\n<p align=\"justify\">El Colegio Betania es una instituci\u00f3n que se orienta hacia el bienestar de la sociedad,&nbsp; nuestra&nbsp; misi\u00f3n&nbsp; es&nbsp; formar&nbsp; hombres&nbsp; y&nbsp; mujeres,&nbsp; competentes&nbsp; y&nbsp; comprometidos, capaces de engrandecer la cultura, promover la justicia, favorecer la democracia y la igualdad de oportunidades con las que permitan a su comunidad una vida m\u00e1s plena. Fomentando los valores y el desarrollo integral de las competencias de nuestros alumnos<\/p>\n\n\n\n<h2>Visi\u00f3n<\/h2>\n\n\n\n<p align=\"justify\">Los esfuerzos en el\u00a0 Colegio Betania son impulsados hacia la mejora del nivel de logro educativo brindando los medios para que nuestros alumnos puedan acceder a un mayor bienestar y contribuyan al desarrollo de la comunidad.\n\nNuestra principal estrategia es el apego al modelo educativo que fomenta el desarrollo Integral humano, consolidando competencias y habilidades de acuerdo con el perfil de egreso del Nivel, acordes a los prop\u00f3sitos educativos. Nuestra gesti\u00f3n articula un modelo de organizaci\u00f3n y funcionamiento en todas las acciones que beneficien la mejora continua en todos los \u00e1mbitos, fomentando la profesionalizaci\u00f3n docente y manteniendo una relaci\u00f3n de respeto y de trabajo colaborativo con los padres de familia.<\/p>\n\n\n\n<h2>Valores<\/h2>\n\n\n\n<p align=\"justify\">\n\n<p>Colegio Betania regula sus acciones bajo los siguientes valores:<\/p>\n\n\n\n<p><strong><em>Responsabilidad.<\/em><\/strong><\/p>\n\n\n\n<p><strong><em>Honestidad.<\/em><\/strong><\/p>\n\n\n\n<p><strong><em>Respeto.<\/em><\/strong><\/p>\n\n\n\n<p><strong><em>Justicia.<\/em><\/strong><\/p>\n\n\n\n<p><strong><em>Disciplina.<\/em><\/strong><\/p>\n\n\n\n<p><p align=\"justify\">El trabajo conjunto entre maestros, padres de familia y alumnos se ver\u00e1 respaldado por el presente reglamento en el que la responsabilidad compartida ha de permitir el logro de nuestros prop\u00f3sitos cabe hacer notar que en el proceso de formaci\u00f3n integral del educando se hace necesario el di\u00e1logo y la confianza,\u00a0 pero en lo necesario tambi\u00e9n, la correcci\u00f3n justa apegada a nuestros principios, raz\u00f3n por la cual se establece la normatividad que ha de regir en nuestra Instituci\u00f3n.<\/p><\/p>\n\n<\/p>\n","protected":false},"excerpt":{"rendered":"<p>Misi\u00f3n El Colegio Betania es una instituci\u00f3n que se orienta hacia el bienestar de la sociedad,&nbsp; nuestra&nbsp; misi\u00f3n&nbsp; es&nbsp; formar&nbsp; &hellip; <\/p>\n","protected":false},"author":1,"featured_media":0,"parent":0,"menu_order":0,"comment_status":"closed","ping_status":"closed","template":"","meta":{"om_disable_all_campaigns":false,"_monsterinsights_skip_tracking":false,"_monsterinsights_sitenote_active":false,"_monsterinsights_sitenote_note":"","_monsterinsights_sitenote_category":0},"aioseo_notices":[],"_links":{"self":[{"href":"https:\/\/colegio-betania.edu.mx\/index.php\/wp-json\/wp\/v2\/pages\/147"}],"collection":[{"href":"https:\/\/colegio-betania.edu.mx\/index.php\/wp-json\/wp\/v2\/pages"}],"about":[{"href":"https:\/\/colegio-betania.edu.mx\/index.php\/wp-json\/wp\/v2\/types\/page"}],"author":[{"embeddable":true,"href":"https:\/\/colegio-betania.edu.mx\/index.php\/wp-json\/wp\/v2\/users\/1"}],"replies":[{"embeddable":true,"href":"https:\/\/colegio-betania.edu.mx\/index.php\/wp-json\/wp\/v2\/comments?post=147"}],"version-history":[{"count":7,"href":"https:\/\/colegio-betania.edu.mx\/index.php\/wp-json\/wp\/v2\/pages\/147\/revisions"}],"predecessor-version":[{"id":250,"href":"https:\/\/colegio-betania.edu.mx\/index.php\/wp-json\/wp\/v2\/pages\/147\/revisions\/250"}],"wp:attachment":[{"href":"https:\/\/colegio-betania.edu.mx\/index.php\/wp-json\/wp\/v2\/media?parent=147"}],"curies":[{"name":"wp","href":"https:\/\/api.w.org\/{rel}","templated":true}]}}